 1873*v + 185. Calculate j(26).
2187
Let d(b) = -3839*b - 27386. What is d(-6)?
-4352
Let s(h) = -h**3 - 1095*h**2 - 9752*h + 12. Calculate s(-9).
-186
Let t(x) = x**3 - 23*x**2 - 100*x + 130. Determine t(26).
-442
Let c(b) = -2*b**3 - 16*b**2 + 48*b - 25. What is c(6)?
-745
Let d(p) = 30*p**2 + 1029*p + 7800. Calculate d(-23).
3
Let m(j) = -15*j**3 - 44*j**2 - 83*j - 30. Give m(-7).
3540
Let v(g) = 144*g**3 - 42767*g**2 - 297*g + 59. Determine v(297).
59
Let w(z) = z**3 + 21*z**2 + 21*z + 2554. Determine w(-31).
-7707
Let s(a) = -34*a**2 + 168*a - 728. Determine s(16).
-6744
Let l(k) = 253208*k + 2278854. Give l(-9).
-18
Let u(g) = 12*g**3 + 42*g**2 - 4*g - 45. Give u(-1).
-11
Let p(x) = -320*x - 41594. Calculate p(-130).
6
Let x(y) = -y**3 - 205*y**2 - 190*y - 37696. Determine x(-205).
1254
Let c(a) = -227*a**2 + 679*a + 14. Determine c(3).
8
Let q(n) = 5228*n - 51997. What is q(10)?
283
Let g(k) = k**3 - 17*k**2 + 216*k - 433. Give g(21).
5867
Let m(x) = 9955*x - 9991. What is m(1)?
-36
Let f(a) = -68134*a + 35974744. Determine f(528).
-8
Let n(k) = 17902*k + 125604. Calculate n(-7).
290
Let v(w) = 2*w**2 + 303714*w - 1518555. What is v(5)?
65
Let y(r) = -6*r**3 - 125*r**2 + 54*r + 706. What is y(-19)?
-4291
Let a(d) = -663*d + 36928. Determine a(56).
-200
Let c(a) = -17*a**2 - 47*a + 196. Give c(3).
-98
Let k(q) = -5537*q + 808412. Determine k(146).
10
Let a(c) = 2448*c + 178712. Determine a(-73).
8
Let i(g) = -5663*g + 249007. What is i(44)?
-165
Let c(l) = -3871*l**2 - 81295*l - 85. Give c(-21).
-1
Let x(t) = 3576*t**2 - 36012*t + 2505. Calculate x(10).
-15
Let p(j) = 615*j - 19334. Give p(30).
-884
Let i(z) = -z**3 - 106*z**2 - 1269*z + 1807. Give i(-92).
59
Let k(s) = -s**2 + 15*s + 87. Determine k(-6).
-39
Let t(q) = q**2 + 63*q + 2698. Calculate t(-26).
1736
Let n(j) = 27163*j**2 + 325954*j - 38. Give n(-12).
-14
Let s(o) = 9*o**3 + 4*o**2 - 72*o - 193. What is s(-3)?
-184
Let c(k) = -24*k**3 + 3309*k**2 + 419*k - 655. Calculate c(138).
35
Let v(o) = -1437*o + 3109. Determine v(2).
235
Let s(r) = 149434*r - 1643732. Give s(11).
42
Let p(n) = 14*n**2 + 490*n + 4315. Calculate p(-9).
1039
Let u(t) = -6*t - 1481. Calculate u(-85).
-971
Let g(u) = -691*u + 14848. What is g(26)?
-3118
Let q(n) = -3*n**3 - 425*n**2 - 1124*n - 410. Give q(-139).
1258
Let x(q) = -1905*q**2 + 32366*q + 330. Determine x(17).
7
Let p(y) = -4423*y + 1119001. Calculate p(253).
-18
Let f(m) = 100*m**2 + 29680*m - 35765. Calculate f(-298).
-5
Let i(s) = -8705*s - 339856. What is i(-39)?
-361
Let a(r) = -4*r**3 - 837*r**2 - 810*r - 125505. What is a(-209)?
104
Let z(i) = -127743*i - 2938071. Give z(-23).
18
Let w(v) = -152196*v - 608782. Determine w(-4).
2
Let s(w) = 155*w**2 + 300*w + 299. Determine s(-1).
154
Let b(t) = 4773*t**2 - 272059*t - 143. What is b(57)?
-29
Let h(m) = 6*m**2 - 16067*m + 144648. Calculate h(9).
531
Let q(k) = -13*k + 1028. Determine q(-37).
1509
Let k(f) = -619*f + 59413. Calculate k(96).
-11
Let i(o) = 399*o + 13829. Give i(-36).
-535
Let z(b) = 123*b**2 + 8466*b - 1462. What is z(-69)?
-13
Let l(h) = 2675*h - 32808. Determine l(12).
-708
Let x(t) = 222*t**2 + 1265*t - 409. Give x(-6).
-7
Let r(x) = -28*x**3 + 3*x**2 - 55*x - 200. Calculate r(-2).
146
Let a(c) = -c**2 + 2005*c + 2002. Calculate a(-1).
-4
Let f(v) = -2*v**3 + 452*v**2 + 18*v - 4030. Give f(226).
38
Let q(u) = 273*u**2 - 968*u - 2884. Determine q(-3).
2477
Let o(h) = 4*h**2 - 476*h + 1884. Determine o(4).
44
Let u(y) = 232*y + 2103. Give u(-2).
1639
Let x(y) = 4*y**3 - 46*y**2 + 409*y - 4386. Give x(11).
-129
Let j(a) = 6450*a + 103164. Calculate j(-16).
-36
Let b(d) = -d**3 - 40*d**2 - 8697*d + 44599. What is b(5)?
-11
Let y(h) = h**3 - 59*h**2 - 3122*h + 1362. Calculate y(-34).
2
Let h(f) = -f**3 - 11*f**2 + 5942*f + 35849. What is h(-6)?
17
Let v(n) = -n**3 - 11*n**2 - 385*n - 3045. Calculate v(-8).
-157
Let c(q) = -q**3 + 54*q**2 - 202*q + 14087. Calculate c(55).
-48
Let t(q) = 6*q**3 - 45*q**2 - 2373*q + 16631. What is t(7)?
-127
Let j(r) = 8*r**3 + 9840*r**2 - 9838*r + 12309. Determine j(-1231).
-1
Let w(l) = -727*l + 3025. What is w(3)?
844
Let b(y) = 341*y + 21629. What is b(-62)?
487
Let t(k) = -2*k**2 - 342*k - 10510. Determine t(-133).
-402
Let z(u) = -u**3 - 13*u**2 - 1225*u - 12095. Give z(-10).
-145
Let u(h) = h**2 + 384*h - 123980. What is u(209)?
-43
Let b(q) = -54913*q - 10323631. Determine b(-188).
13
Let b(s) = s**3 + 149*s**2 + 3555*s + 837. What is b(-30)?
1287
Let j(u) = 47*u**2 + 36*u - 112. Give j(3).
419
Let i(m) = -3*m**2 + 235*m + 16322. Determine i(-44).
174
Let x(i) = 159042*i - 24651511. Determine x(155).
-1
Let a(w) = -w**3 - 5*w**2 + 354*w + 39. Give a(18).
-1041
Let i(a) = 9*a**2 - 1406*a - 7101. Give i(161).
-178
Let m(c) = 170418*c + 8180060. What is m(-48)?
-4
Let j(x) = x**2 + 3544*x - 129033. What is j(36)?
-153
Let c(f) = -386*f**2 + 1913*f + 4. What is c(5)?
-81
Let u(m) = 3*m**3 + 29*m**2 + 129*m + 2534. Calculate u(-12).
-22
Let g(t) = 19*t**3 - 9*t**2 - 17*t - 5. Give g(-2).
-159
Let c(o) = o**3 + 43*o**2 - 134*o + 2581. Give c(-47).
43
Let b(h) = h**2 + 429*h - 15134. Determine b(32).
-382
Let u(i) = 371*i - 185118. Give u(499).
11
Let a(v) = -4*v**3 - 81*v**2 + 36*v + 1127. What is a(-19)?
-1362
Let d(z) = 395*z**2 + 21*z + 25. Determine d(-1).
399
Let q(b) = 2323*b + 464590. Give q(-200).
-10
Let n(c) = 18*c**2 - 151*c + 81. Determine n(14).
1495
Let b(r) = -2*r**2 - 5746*r - 4035899. Give b(-1223).
1
Let g(h) = 85201*h + 1533605. What is g(-18)?
-13
Let d(g) = 5*g**2 + 752*g - 6277. Calculate d(8).
59
Let q(a) = -140*a - 5721. Give q(7).
-6701
Let o(l) = l**3 - 94*l**2 + 65*l + 10935. Calculate o(92).
-13
Let v(b) = 12*b**2 + 1758*b - 19245. Determine v(11).
1545
Let g(m) = -5576*m - 3418078. Calculate g(-613).
10
Let v(u) = -u**3 - 872*u**2 - 640*u - 558114. Calculate v(-872).
-34
Let n(i) = 30136*i + 2832739. Give n(-94).
-45
Let d(p) = 5612*p + 14628. Determine d(-2).
3404
Let x(j) = -1165*j**2 - 15338*j + 19. Determine x(-13).
2528
Let h(k) = 4*k**3 + 215*k**2 - 294*k + 78. Give h(1).
3
Let u(d) = -2*d**3 - 49*d**2 + 48*d + 4672. Calculate u(-19).
-211
Let y(z) = -z**3 + 61*z**2 - 60*z - 741. Determine y(60).
-741
Let s(t) = -4*t**2 + 40*t - 118. What is s(7)?
-34
Let l(z) = -z**3 + 26*z**2 - 337*z - 7436. Calculate l(-10).
-466
Let d(s) = 2378*s + 13280. Give d(-7).
-3366
Let r(h) = 10*h**3 - 98*h**2 - 13*h - 1244. What is r(11)?
65
Let c(t) = 6*t**3 - 132*t**2 + 8*t - 39. Give c(23).
3319
Let b(z) = -z**3 - 20*z**2 + 760*z + 12959. Calculate b(-17).
-828
Let p(x) = 1848*x - 3418. Give p(2).
278
Let k(f) = 19*f**2 - 2209*f - 6627. Give k(-3).
171
Let f(r) = 9*r**2 + 3189*r - 39545. Give f(12).
19
Let d(a) = 6*a**2 - 3295*a - 323392. What is d(-85)?
33
Let z(t) = -57454*t + 804357. What is z(14)?
1
Let c(a) = -133*a**2 + 184*a - 36. What is c(1)?
15
Let w(v) = -1389*v + 2747. What is w(2)?
-31
Let k(f) = -1399*f - 50338. Give k(-36).
26
Let v(t) = -3*t**3 - 84*t**2 + 28*t + 2930. Determine v(-27).
-13
Let i(r) = -75785*r - 606271. What is i(-8)?
9
Let y(i) = -13*i**3 + 4*i**2 + 253*i - 1084. Give y(4).
-840
Let f(w) = -w**3 + 22*w**2 + 647*w - 14231. What is f(22)?
3
Let w(n) = -323*n**2 + 24790*n + 6215. Give w(77).
-22
Let b(x) = 74*x**2 + 389*x - 1592. Calculate b(4).
1148
Let f(v) = 1446*v + 6513. Determine f(-3).
2175
Let m(f) = 251*f**3 + 3*f**2 + 188*f - 189. Determine m(1).
253
Let g(r) = -r**2 - 691*r - 94032. What is g(-505)?
-102
Let z(q) = -30*q**2 - 41*q + 24. Determine z(5).
-931
Let d(s) = -17193*s - 1598943. Calculate d(-93).
6
Let b(s) = s**2 - 93*s - 17373. Calculate b(-94).
205
Let u(h) = 28*h**2 + 4312*h - 34. Calculate u(-154).
-34
Let v(y) = -5182*y + 2155709. Calculate v(416).
-3
Let m(o) = 211*o**3 - 9*o**2 - o + 10. Determine m(1).
211
Let j(a) = -7*a**2 - 104*a + 288. Calculate j(8).
-992
Let n(r) = 1257*r - 104292. Give n(83).
39
Let c(x) = 2515*x + 1000935. Determine c(-398).
-35
Let q(x) = 2*x**2 - 77*x - 610. Give q(39).
-571
Let l(i) = 4183*i + 246092. Calculate l(-59).
-705
Let s(f) = f**3 + 18*f**2 + 129*f + 2446. Determine s(-19).
-366
Let t(w) = -3*w**2 - 412*w + 287. What is t(0)?
287
Let j(d) = -d**2 - 263*d - 16659. Give j(-156).
33
Let t(h) = 524*h**2 - 125761*h + 199. Determine t